*p**2 - 24*p**2 + 13*p**2. What is g(j)?
-4
Let m(c) = -c**2 + 12*c - 3. Let o(h) be the first derivative of -h**4/4 + 5*h**3/3 - h**2/2 - 13. Let s be o(4). What is m(s)?
-3
Let t(m) = -m**3 - 5*m**2 - 3*m - 2. Let o be ((-5)/(-10)*-8)/1. Let v be t(o). Let p(w) = -w**3 - 7*w**2 - 8*w - 2. Calculate p(v).
10
Let c(s) = s - 18. Suppose 190*y - 188*y - 18 = 0. What is c(y)?
-9
Let a(u) be the first derivative of u**3/3 + u**2 - 8*u - 2. Let z(l) be the first derivative of a(l). Determine z(-5).
-8
Let g be (6/(-5) + 1)*0. Let t(v) = v**2 - v + 7. Determine t(g).
7
Let r(d) = 3*d**2 + 9*d. Let i(z) = 2*z**2 + 7*z - 1. Let w(m) = 4*i(m) - 3*r(m). Determine w(3).
-10
Let f = 29 + -26. Let z(n) = -24*n**f + 2 + 50*n**3 + 3*n**2 + n**2 + n - 25*n**3. Let q be (-3 - 0) + (5 - 5). Determine z(q).
8
Let k(a) = -a**2 - a + 5. Suppose -5*o + 2 = -4*o. Suppose -4*u = -3*q - 83, -4*q = o*u + q - 35. Let m = 16 - u. What is k(m)?
-7
Let j(b) = b**2 + 13*b - 10. Let z be j(-14). Suppose -z*a = -3*p + 26, -2*p - a = -4*p + 19. Let s(c) = c**3 - 10*c**2 + 2. Determine s(p).
2
Let y(c) be the third derivative of 5/24*c**4 + 0 + 1/30*c**5 - 1/2*c**3 + 17*c**2 - 1/120*c**6 + 0*c. Give y(4).
-15
Let b = -139 + 144. Let a(h) = 3*h - 14. What is a(b)?
1
Let v(z) = -z + 10. Suppose -p - 15 = 4*f, p - 4*p - 2*f = 45. Let l be (-16 + 1)*9/p. What is v(l)?
1
Suppose 3*y = 5*y + 14. Let i(v) = v**2 - v - 1. Let j(r) = 3*r**2 - 9*r - 5. Let a(h) = -4*i(h) + j(h). Determine a(y).
-15
Let r = -9 + 7. Let f(k) = -2*k**3 - 2*k**2 - 4. Give f(r).
4
Let o(l) be the second derivative of l**5/20 - l**4/4 - 4*l**3/3 + 5*l**2/2 + 46*l + 9. Calculate o(5).
15
Suppose -36*a + 109 = 397. Let i(o) = o**3 + 8*o**2 + 2*o - 8. Give i(a).
-24
Let h = -13 + 16. Suppose -2*m + 9 = -h*m. Let q = 15 + m. Let z(c) = c**2 - 6*c + 3. Determine z(q).
3
Let q be (-8 + 17 + -4)*-1. Let n(v) = -3*v**2 - 11*v - 6. Give n(q).
-26
Let b(g) = -53*g**3 - g - 1114 - 2*g**2 + 2*g + 1113 + g. What is b(1)?
-54
Let a(p) = -p**3 + 6*p**2 + 9*p - 18. Let j be a(7). Let l(v) = v**2 + 3*v - 1. Calculate l(j).
3
Let h(k) = -29 - 2*k**2 + 28 + 3 + 4*k**2. Let r = 19 - 17. What is h(r)?
10
Let x(v) be the third derivative of v**5/20 + v**4/8 - 2*v**3/3 + 134*v**2. Determine x(-4).
32
Suppose 3*z - z + 8 = 0. Let a = z - -7. Let s(c) = -5*c**2 - 5*c - 1. Let w(m) = -10*m**2 - 9*m - 2. Let q(f) = a*w(f) - 5*s(f). Determine q(-2).
-17
Let h(p) = 3*p**2 + p - 4. Suppose -5*t - k + 24 = -4*k, 3*t - 2*k - 15 = 0. Calculate h(t).
26
Let k be (-1 + 0 - 0)*120/(-40). Let m = -2 - k. Let y(p) = p**3 + 4*p**2 - 5*p. Give y(m).
0
Let j(o) = 2*o**2 + o. Suppose -17*x - 5 = -12*x. Calculate j(x).
1
Let u(m) = -5*m - 1. Let g(p) = -4*p. Let c(j) = 6*g(j) - 5*u(j). Let k = -17 + 9. Calculate c(k).
-3
Let k(j) be the third derivative of -j**6/360 + 7*j**5/120 + 3*j**4/8 + 4*j**2. Let l(z) be the second derivative of k(z). Determine l(5).
-3
Suppose 0 = 3*n + 9, 6*n = 2*t + 11*n - 1. Let y(q) = -2*q + 9. Calculate y(t).
-7
Suppose -5*q - c = -48, q - 3*q = -4*c - 6. Let v(a) = -a**3 + 8*a**2 + 9*a + 13. Calculate v(q).
13
Let s(d) = -d**3 - d + 4. Let n(v) = v - 6. Let a be 3 + (-2 - (1 - 6)). Let j be n(a). Calculate s(j).
4
Let z(l) = 3*l + 4. Let j(x) = -x**2 + 22*x - 17. Let y be j(21). Determine z(y).
16
Let k(x) = x**2 + 2*x - 3. Suppose -5*z + 107 + 68 = 0. Suppose 3*b - b = 30. Let c be z/14*(-18)/b. Determine k(c).
0
Let w = -104 - -108. Let p(f) = f**2 - 5. What is p(w)?
11
Let t(p) = -p**3 + 11*p**2 + 15. Suppose 18*s = 54 + 144. Give t(s).
15
Let g(p) = -p**3 - 3*p**2 + p + 7. Suppose -5*i - 17 = -2. Let l be g(i). Let n be 4/(-1*(5 - l)). Let x(k) = k**3 + 3*k**2 - 2*k - 2. Calculate x(n).
-10
Let g(h) = -33*h. Let y = -2529 - -2530. Determine g(y).
-33
Let c(r) = -2 + 6 - 2 - 3 + 4*r**3. Let t = -1542 - -1541. What is c(t)?
-5
Let y(x) = -54*x - 6. Let g(q) = 103*q + 10. Let s(f) = -4*g(f) - 7*y(f). Determine s(1).
-32
Suppose 33*g - 32*g + 6 = 0. Let s(m) = m + 17. What is s(g)?
11
Let f(l) = l**2 + 6*l - 5. Suppose -100 = 5*y - 3*g, 3*y + 24 = -5*g - 2. Let d = y - -11. What is f(d)?
-5
Suppose -10 = -3*b - 2*b. Suppose -3*j + 5 = b. Let g(t) = 3 + 5*t + 0 + j - t. Give g(-4).
-12
Let h(b) = 5*b**3 + 17*b**2 - 9. Let v(l) = -2*l**3 - 5*l**2 - l + 3. Let r(i) = -3*h(i) - 8*v(i). What is r(10)?
-17
Let f = 2 + 42. Let a = 38 - f. Let x(g) = 2*g - 1. What is x(a)?
-13
Let o(f) be the first derivative of f**4/4 - 8*f**3 + f**2/2 - 31*f - 894. What is o(24)?
-7
Let r(i) be the first derivative of i**4/24 + i**3 - 9*i**2/2 + 10. Let z(w) be the second derivative of r(w). Determine z(6).
12
Suppose 2*p + 3*p = h + 7, 4*h - 8 = 2*p. Let x(z) = 12 + 65*z - 32*z + z**3 - 32*z + z**p. Determine x(0).
12
Let n be (-12)/((18/(-4))/(-3)). Let y = n - -6. Let k(j) = -2*j + 3*j - 5*j + 2 + 0*j. Calculate k(y).
10
Let a(p) = 49*p - 7*p**2 - 23*p**2 - 105*p + 55*p. What is a(1)?
-31
Let f(k) be the second derivative of 0 + 9*k - 1/12*k**4 + 3/2*k**2 - 4/3*k**3. What is f(-6)?
15
Suppose -48*i + 278 = 86. Let p(b) = -14*b**2 - 24*b + 5. Let x be 201/(-12) + 1/(-4). Let c(t) = -5*t**2 - 8*t + 2. Let h(s) = x*c(s) + 6*p(s). Determine h(i).
-20
Suppose -4*x = -5 + 17. Let l = 1 + x. Let h be 16/12*(-3)/l. Let o(v) = v**3 - v**2 + 2*v. Give o(h).
8
Let r(w) = -2*w + 8. Suppose -2*u = 4*j + u - 13, 3*j + 5*u + 4 = 0. Determine r(j).
-6
Let b(t) = -4*t - 12. Let g = -7 + 10. Let m(s) = 3*s + 12. Let z(k) = g*m(k) + 2*b(k). Let n = -10 + 5. Give z(n).
7
Let y(x) = 3*x + 4. Let p(j) = -j**3 - j**2 - j - 25. Let d be p(-3). Determine y(d).
-8
Suppose -12 = 3*u, 4*b + u = 4*u - 32. Let r = b + 10. Let t(n) = 4*n + 1. Let h be t(r). Let v(x) = x**3 + 3*x**2 - 2*x - 2. Calculate v(h).
4
Let x(v) = v - 1. Suppose -p + 6 = 2*p, 2*a = -p + 60. Let i = a + -35. What is x(i)?
-7
Let r(z) = -z**3 + 12*z**2 + 9. Let j be r(12). Let o(w) = 23*w**3 + 4*w**2 + 9. Let x(y) = 6*y**3 + y**2 + 2. Let k(i) = j*x(i) - 2*o(i). Determine k(1).
9
Let a be 28848/15 + (2 - (-44)/(-20)). Let v(j) = -a + 4*j + 1923. Give v(-2).
-8
Let k(n) = n**3 - 11*n**2 + 2*n + 2. Let b = -689 - -700. Determine k(b).
24
Let k(z) be the third derivative of -17*z**5/60 - 5*z**4/24 - 2*z**3/3 - 472*z**2 + 2. What is k(-2)?
-62
Let r(j) be the third derivative of j**5/60 + 11*j**4/24 + 2*j**3 - 29*j**2 + 3*j. Determine r(-9).
-6
Let q(i) = 2*i**3 + 3*i**2 - 3. Let z(l) = -3*l**2 - 17*l - 26. Let x be z(-3). Determine q(x).
-7
Suppose -6*f + 7 - 7 = 0. Let i(b) = b**3 - b**2 + b - 6. Give i(f).
-6
Let m(o) = o**2 - 7*o - 1. Let p be m(7). Let w = 2 + p. Let d(g) = -4 + w + 6 + g. Calculate d(0).
3
Suppose 14 = 4*d + 3*d. Let u(x) = 8 - 19 + 4*x**2 + 2*x + 10 - 2*x**d. Calculate u(-2).
3
Let s(g) = 2*g - 2. Suppose -y - 4*w = -11, 10 = 3*w + 2*w. Determine s(y).
4
Let b(l) be the first derivative of -2*l**3/3 + 5*l**2 - 3*l + 54. Determine b(6).
-15
Let y(p) be the first derivative of p**6/120 - p**5/12 + p**4/24 - p**3/3 + 11*p**2/2 + 21. Let r(h) be the second derivative of y(h). Give r(5).
3
Suppose 0 = -4*w + 2*f - 30, -w + f - 10 = -0*f. Let t(b) = 13*b - b**3 - 6*b**2 + 2*b**2 + 3 - 8*b + 2*b. What is t(w)?
-7
Suppose -3*a - 6 - 3 = 0, q + 4*a + 21 = 0. Let s(j) = j + 5. Give s(q).
-4
Let x = 100 - 97. Let m(o) = -4*o**3 + 15*o + 3*o**2 + x*o**3 + 1 - 9*o - 2*o. Determine m(3).
13
Let v(b) = b**2 + 3*b + 5. Let q be v(0). Let o be 15/q*(0 + (-1)/3). Let j(w) = 10*w**2 - w - 1. What is j(o)?
10
Let t(x) = -3*x. Let a be t(-1). Let n(r) = r**3 - 4*r**2 + 4*r - 8. Give n(a).
-5
Let w(a) be the third derivative of a**4/8 - a**3 - 3*a**2. Let i(v) be the first derivative of -v**2/2 + 9*v - 10. Let g be i(4). Give w(g).
9
Let c(l) = l - 8. Let u(z) = 3*z**2 - z. Let t be u(-1). Suppose 0 = 5*f + 25, t*f + 25 - 5 = -4*s. Give c(s).
-8
Let g = 8 + -6. Let s(t) = 5*t - 2*t**2 - 2 + 3*t**g + 7. Let v = 40 - 44. Calculate s(v).
1
Suppose -1441*c + 1446*c = -30. Let v(q) = -q**2 - q + 2. Calculate v(c).
-28
Let p be (6/(-5))/(5/(-100)). Suppose -5*h = -0*h, h = 4*y + p. Let v(c) be the first derivative of c**4/4 + 2*c**3 + c**2/2 + 7*c - 2. What is v(y)?
1
Let n = 69 - 67. Let i(o) = -4*o - 7 - 3 + 3*o**2 - o**3 + 11 - o**n. Determine i(3).
-20
Let j(t) be the second derivative of -t**6/360 